{"id":3,"date":"2024-08-01T11:03:28","date_gmt":"2024-08-01T09:03:28","guid":{"rendered":"https:\/\/www.pamgolding.fr\/?page_id=3"},"modified":"2024-10-15T17:19:02","modified_gmt":"2024-10-15T15:19:02","slug":"privacy-policy","status":"publish","type":"page","link":"https:\/\/www.pamgolding.fr\/?page_id=3","title":{"rendered":"Politique de Confidentialit\u00e9"},"content":{"rendered":"\t\t<div data-elementor-type=\"wp-page\" data-elementor-id=\"3\" class=\"elementor elementor-3\" data-elementor-post-type=\"page\">\n\t\t\t\t<div class=\"elementor-element elementor-element-0d5c3f1 e-flex e-con-boxed e-con e-parent\" data-id=\"0d5c3f1\" data-element_type=\"container\" data-settings=\"{&quot;background_background&quot;:&quot;classic&quot;}\">\n\t\t\t\t\t<div class=\"e-con-inner\">\n\t\t\t\t<div class=\"elementor-element elementor-element-cbfe44e elementor-widget elementor-widget-heading\" data-id=\"cbfe44e\" data-element_type=\"widget\" data-widget_type=\"heading.default\">\n\t\t\t\t<div class=\"elementor-widget-container\">\n\t\t\t<h1 class=\"elementor-heading-title elementor-size-default\">Politique de Confidentialite<\/h1>\t\t<\/div>\n\t\t\t\t<\/div>\n\t\t\t\t\t<\/div>\n\t\t\t\t<\/div>\n\t\t<div class=\"elementor-element elementor-element-5fde19cd e-con-full e-flex e-con e-parent\" data-id=\"5fde19cd\" data-element_type=\"container\">\n\t\t\t\t<div class=\"elementor-element elementor-element-645c6271 elementor-widget elementor-widget-text-editor\" data-id=\"645c6271\" data-element_type=\"widget\" data-widget_type=\"text-editor.default\">\n\t\t\t\t<div class=\"elementor-widget-container\">\n\t\t\t\t\t\t\t<p><!-- wp:heading --><\/p>\n<h3>Conditions d&#8217;acc\u00e8s et d&#8217;utilisation \u200d<\/h3>\n<p><!-- \/wp:heading --><!-- wp:paragraph --><\/p>\n<p>Ce site est un site d&#8217;information qui s&#8217;adresse aussi bien aux clients de <b>Pam Golding Properties<\/b>, qu&#8217;aux non clients, d\u00e9nomm\u00e9s ci-apr\u00e8s \u00abinternautes\u00bb. Ce site est soumis \u00e0 la loi fran\u00e7aise. L&#8217;internaute reconna\u00eet avoir pris connaissance de la pr\u00e9sente charte et s&#8217;engage \u00e0 la respecter.<\/p>\n<p>Il est rappel\u00e9 que le secret des correspondances n&#8217;est pas garanti sur le r\u00e9seau Internet et qu&#8217;il appartient \u00e0 chaque internaute de prendre toutes les mesures appropri\u00e9es de fa\u00e7on \u00e0 prot\u00e9ger ses propres donn\u00e9es et\/ou logiciels.<\/p>\n<p><!-- \/wp:paragraph --><!-- wp:heading --><\/p>\n<h3 class=\"wp-block-heading\">Tarification<\/h3>\n<p><!-- \/wp:heading --><!-- wp:paragraph --><\/p>\n<p>L&#8217;acc\u00e8s \u00e0 ce site est gratuit, hors fournisseurs d&#8217;acc\u00e8s Internet et hors co\u00fbts de communications t\u00e9l\u00e9phoniques qui sont factur\u00e9s directement par les op\u00e9rateurs.<\/p>\n<p>Pour toute demande de pr\u00e9cision, vous pouvez contacter le webmaster du site dans la rubrique Contact.<\/p>\n<p><!-- \/wp:paragraph --><!-- wp:heading --><\/p>\n<h3 class=\"wp-block-heading\">Informatique et Libert\u00e9s<\/h3>\n<p><!-- \/wp:heading --><!-- wp:paragraph --><\/p>\n<p style=\"margin: 0px;\">Les informations et donn\u00e9es personnelles saisies sur le site <strong>Pam Golding Properties<\/strong> par les internautes et recueillies par <strong>Pam Golding Properties<\/strong> en qualit\u00e9 de responsable de Traitement ne seront utilis\u00e9es et ne feront l&#8217;objet de communication aux destinataires mentionn\u00e9s ci-apr\u00e8s et d\u00e9clar\u00e9s \u00e0 la Commission Nationale de l&#8217;Informatique et des Libert\u00e9s que pour les seules finalit\u00e9s : \u00a0<\/p>\n<ul style=\"padding-left: 40px; line-height: 26px;\">\n<li>de la gestion des demandes de renseignement, \u00a0<\/li>\n<li>de prospection commerciale, \u00a0<\/li>\n<li>de gestion des abonnements \u00e0 la newsletter des alertes e-mail<\/li>\n<\/ul>\n<p>Les donn\u00e9es seront communiqu\u00e9es aux destinataires suivants: Des agences de <strong>Pam Golding Properties<\/strong> , \u00e0 des fins de prospection par les conseillers immobiliers de ces agences : sur simple demande, la liste des Agences destinataires pourra vous \u00eatre communiqu\u00e9e. \u00a0<\/p>\n<p style=\"margin: 0px;\">Sauf opposition du titulaire, <strong>Pam Golding Properties<\/strong> pourra \u00eatre conduit \u00e0 traiter ces informations (notamment par courrier \u00e9lectronique, t\u00e9l\u00e9phone&#8230;) \u00e0 son profit exclusif ou pour le compte de ses partenaires commerciaux dans le cadre d&#8217;op\u00e9rations commerciales.<\/p>\n<p>En application de l&#8217;article 26 du R\u00e8glement UE 2016\/679 du 27 avril 2016 dit RGPD, <strong>Pam Golding Properties<\/strong> met en \u0153uvre avec pr\u00e9cision, la protection des personnes physiques identifiables ainsi que toutes donn\u00e9es d&#8217;information les concernant et notamment, s&#8217;engage \u00e0 permettre \u00e0 toutes personnes concern\u00e9es, de prendre connaissance sur simple demande, du type et du nombre de donn\u00e9es \u00e0 caract\u00e8re personnel dont il est en possession dans le cadre de l&#8217;exercice de son activit\u00e9 professionnelle.<\/p>\n<p>Chaque personne concern\u00e9e b\u00e9n\u00e9ficie \u00e9galement d&#8217;un droit de rectification de ses donn\u00e9es \u00e0 caract\u00e8re personnel, le cas \u00e9ch\u00e9ant (*).<\/p>\n<p>L&#8217;internaute peut s&#8217;opposer \u00e0 recevoir des sollicitations commerciales en vue de la pr\u00e9sentation des produits et services de <strong>Pam Golding Properties <\/strong>ou de ceux propos\u00e9s par les Agences de <strong>Pam Golding Properties<\/strong> en indiquant qu&#8217;il ne souhaite pas \u00eatre sollicit\u00e9 lors de la collecte de ses donn\u00e9es en s&#8217;adressant au webmaster. Ce refus de sollicitation s&#8217;applique \u00e0 la fois \u00e0 <strong>Pam Golding Properties<\/strong> et \u00e0 ses Agences.<\/p>\n<p>(*)<em> Pour l&#8217;exercer, adressez-vous par courrier au r\u00e9dacteur en chef : S\u00e9verin Brunelle &#8211; <strong>Pam Golding Properties<\/strong> \u2013 78 rue de S\u00e8vres 75007 Paris. <\/em><em>Les Informations nominatives ne sont communiqu\u00e9es \u00e0 des tiers que pour satisfaire aux obligations l\u00e9gales et r\u00e9glementaires.<\/em><\/p>\n<p><!-- \/wp:paragraph --><!-- wp:heading --><\/p>\n<h3 class=\"wp-block-heading\">Demande d&#8217;informations<\/h3>\n<p><!-- \/wp:heading --><!-- wp:paragraph --><\/p>\n<p>Pour les annonces immobili\u00e8res : les demandes d&#8217;internautes seront trait\u00e9es par un collaborateur de l&#8217;agence ayant transf\u00e9r\u00e9 l&#8217;annonce sur le site;<span class=\"apple-converted-space\"> \u00a0<\/span>Pour ce qui concerne les autres rubriques (ex : Rubriques \u00abPartenaires\u00bb, \u00abPresse\u00bb) : la demande sera trait\u00e9e par la direction de <b>Pam Golding Properties<\/b> \u2013 78 rue de S\u00e8vres 75007 Paris<\/p>\n<p><!-- \/wp:paragraph --><!-- wp:heading --><\/p>\n<h3 class=\"wp-block-heading\">Utilisation des cookies<\/h3>\n<p><!-- \/wp:heading --><!-- wp:paragraph --><\/p>\n<p><span style=\"font-weight: 400;\">Les internautes de ce site sont inform\u00e9s que, lors de l&#8217;acc\u00e8s \u00e0 ce site, des informations peuvent \u00eatre temporairement conserv\u00e9es en m\u00e9moire ou sur leur disque dur afin de faciliter la navigation sur le site et de permettre une \u00e9ventuelle utilisation de l&#8217;espace personnel. Les internautes du site reconnaissent avoir \u00e9t\u00e9 inform\u00e9s de cette pratique et autorisent <\/span><strong>Pam Golding Properties<\/strong><span style=\"font-weight: 400;\"> \u00e0 l&#8217;employer. Ils peuvent par ailleurs s&#8217;opposer \u00e0 l&#8217;enregistrement de cookies en employant pour cela les fonctionnalit\u00e9s correspondantes sur leur navigateur. Cependant, <\/span><strong>Pam Golding Properties<\/strong><span style=\"font-weight: 400;\"> attire l&#8217;attention des internautes que, dans un tel cas, l&#8217;acc\u00e8s \u00e0 certains services du site peut se r\u00e9v\u00e9ler alt\u00e9r\u00e9, voire impossible.<\/span><\/p>\n<p><!-- \/wp:paragraph --><!-- wp:heading --><\/p>\n<h3 class=\"wp-block-heading\">Droits d&#8217;auteur<\/h3>\n<p><!-- \/wp:heading --><!-- wp:paragraph --><\/p>\n<p>Le site doit \u00eatre consid\u00e9r\u00e9 comme un tout indissociable. Les informations y figurant sont r\u00e9serv\u00e9es \u00e0 un usage exclusivement personnel et ne peuvent \u00eatre en tout ou partie ni reproduites, ni communiqu\u00e9es.<br \/><span class=\"apple-converted-space\">\u00a0\u00a0<\/span><br \/>L&#8217;ensemble des donn\u00e9es (textes, sons ou images) figurant sur les pages de ce site sont la propri\u00e9t\u00e9 exclusive <b>Pam Golding Properties<\/b>ou de ses partenaires. Toute reproduction, repr\u00e9sentation ou diffusion, \u00e0 des fins autres que personnelles, en tout ou partie du contenu de ce site sur quelque support ou par tout proc\u00e9d\u00e9 que ce soit est interdite. Le non-respect de cette interdiction constitue une contrefa\u00e7on susceptible d&#8217;engager la responsabilit\u00e9 civile et p\u00e9nale du contrefacteur. Il est strictement interdit d&#8217;utiliser ou de reproduire le nom &#8220;<b> Pam Golding Properties<\/b> &#8221; et \/ ou son logo, seuls ou associ\u00e9s, \u00e0 quelque titre que ce soit, et notamment \u00e0 des fins publicitaires, sans l&#8217;accord pr\u00e9alable \u00e9crit de <b>Pam Golding Properties.<\/b><\/p>\n<p><!-- \/wp:paragraph --><!-- wp:heading --><\/p>\n<h3 class=\"wp-block-heading\">Informations sur nos partenaires<\/h3>\n<p><!-- \/wp:heading --><!-- wp:paragraph --><\/p>\n<p>Bien que <b>Pam Golding Properties<\/b> fasse tout ce qui est possible pour s&#8217;informer aupr\u00e8s de sources qu&#8217;il juge fiables, il ne pr\u00e9tend pas que toutes les informations diffus\u00e9es sur ce site soient exactes, fiables, compl\u00e8tes et \u00e0 jour. Les annonces immobili\u00e8res sont fournies par les agences immobili\u00e8res de <b>Pam Golding Properties<\/b> . Ce transfert d&#8217;annonces est informatis\u00e9 et automatis\u00e9. Les annonces ne font donc pas l&#8217;objet d&#8217;un contr\u00f4le avant leur publication et bien que <b>Pam Golding Properties<\/b> fasse tout ce qui est possible pour assurer un contr\u00f4le qualit\u00e9 des annonces, il ne saurait \u00eatre tenue responsable d&#8217;annonces dont le contenu serait contraire notamment aux bonnes m\u0153urs, \u00e0 l&#8217;ordre public et aux dispositions du droit du travail et\/ou comporterait toutes discriminations, quelles qu&#8217;elles soient, notamment sexuelles, raciales, religieuses. De plus, ces annonces immobili\u00e8res sont fournies \u00e0 titre d&#8217;information et pour un usage personnel seulement. Elles sont susceptibles d&#8217;\u00eatre modifi\u00e9es et ou supprim\u00e9es sans avis pr\u00e9alable.<br \/><br \/>En cons\u00e9quence, <b>Pam Golding Properties<\/b> d\u00e9cline toute responsabilit\u00e9, expresse ou tacite, concernant l&#8217;exactitude, l&#8217;exhaustivit\u00e9 ou les d\u00e9lais de mise \u00e0 jour de ces annonces et des autres contenus.<\/p>\n<p>Le t\u00e9l\u00e9chargement ou toute autre forme de copie d&#8217;un logiciel ou d&#8217;informations pr\u00e9sentes sur le site de <b>Pam Golding Properties<\/b> ne vous conf\u00e8rent aucun droit sur ceux-ci. Vous ne pouvez ni reproduire (en tout ou en partie) ni transmettre (\u00e9lectroniquement ou de quelque autre mani\u00e8re), ni modifier, ni utiliser le site de <b>Pam Golding Properties<\/b> \u00e0 des fins publiques<b> <\/b>ou commerciales, ni cr\u00e9er des liens avec celui-ci, sans l&#8217;autorisation \u00e9crite pr\u00e9alable de <b>Pam Golding Properties<\/b> . Les donn\u00e9es diffus\u00e9es sur ce site sont la propri\u00e9t\u00e9 exclusive de leurs titulaires respectifs.<span class=\"apple-converted-space\"> \u00a0<br \/><br \/><\/span>L&#8217;internaute s&#8217;engage de son c\u00f4t\u00e9 :<span class=\"apple-converted-space\"> \u00a0<\/span><\/p>\n<ul style=\"padding-left: 40px; line-height: 26px;\">\n<li>\u00e0 ne pas exploiter les services de <b>Pam Golding Properties<\/b> ou les donn\u00e9es personnelles auxquelles il aurait pu avoir acc\u00e8s ;<span class=\"apple-converted-space\"> \u00a0<\/span><\/li>\n<li>\u00e0 ne pas proposer des produits et services du Site des agences <b>Pam Golding Properties<\/b> lui permettant d&#8217;obtenir directement ou indirectement une r\u00e9mun\u00e9ration;<span class=\"apple-converted-space\"> \u00a0<\/span><\/li>\n<li>\u00e0 ne pas limiter l&#8217;acc\u00e8s et l&#8217;utilisation du site <b>Pam Golding Properties<\/b> ;<\/li>\n<li>\u00e0 ne modifier aucune mention ou \u00e9l\u00e9ment de ce site ;<\/li>\n<li>\u00e0 ne pas proc\u00e9der \u00e0 l&#8217;envoi en masse et non sollicit\u00e9 de courriers \u00e9lectroniques ou postaux aupr\u00e8s des autres internautes.<\/li>\n<\/ul>\n<p><!-- \/wp:paragraph --><!-- wp:heading --><\/p>\n<p>\u00a0<\/p>\n<p><!-- \/wp:paragraph --><\/p>\t\t\t\t\t\t<\/div>\n\t\t\t\t<\/div>\n\t\t\t\t<\/div>\n\t\t\t\t<\/div>\n\t\t","protected":false},"excerpt":{"rendered":"<p>Politique de Confidentialite Conditions d&#8217;acc\u00e8s et d&#8217;utilisation \u200d Ce site est un site d&#8217;information qui s&#8217;adresse aussi bien aux clients de Pam Golding Properties, qu&#8217;aux non clients, d\u00e9nomm\u00e9s ci-apr\u00e8s \u00abinternautes\u00bb. Ce site est soumis \u00e0 la loi fran\u00e7aise. L&#8217;internaute reconna\u00eet avoir pris connaissance de la pr\u00e9sente charte et s&#8217;engage \u00e0 la respecter. Il est rappel\u00e9&#8230;<\/p>\n","protected":false},"author":1,"featured_media":0,"parent":0,"menu_order":0,"comment_status":"closed","ping_status":"closed","template":"elementor_header_footer","meta":{"_themeisle_gutenberg_block_has_review":false,"footnotes":""},"class_list":["post-3","page","type-page","status-publish","hentry"],"_links":{"self":[{"href":"https:\/\/www.pamgolding.fr\/index.php?rest_route=\/wp\/v2\/pages\/3","targetHints":{"allow":["GET"]}}],"collection":[{"href":"https:\/\/www.pamgolding.fr\/index.php?rest_route=\/wp\/v2\/pages"}],"about":[{"href":"https:\/\/www.pamgolding.fr\/index.php?rest_route=\/wp\/v2\/types\/page"}],"author":[{"embeddable":true,"href":"https:\/\/www.pamgolding.fr\/index.php?rest_route=\/wp\/v2\/users\/1"}],"replies":[{"embeddable":true,"href":"https:\/\/www.pamgolding.fr\/index.php?rest_route=%2Fwp%2Fv2%2Fcomments&post=3"}],"version-history":[{"count":0,"href":"https:\/\/www.pamgolding.fr\/index.php?rest_route=\/wp\/v2\/pages\/3\/revisions"}],"wp:attachment":[{"href":"https:\/\/www.pamgolding.fr\/index.php?rest_route=%2Fwp%2Fv2%2Fmedia&parent=3"}],"curies":[{"name":"wp","href":"https:\/\/api.w.org\/{rel}","templated":true}]}}